alculate v(-374).
-6
Let y(t) = -723*t - 17508. Give y(-24).
-156
Let v(n) = -16*n**2 + 674*n + 1324. What is v(44)?
4
Let x(u) = 441*u - 10919. Give x(25).
106
Let w(i) = -3*i**3 - 42*i**2 + 744*i + 10484. Calculate w(-15).
-1
Let o(m) = 13509*m - 40403. Give o(3).
124
Let k(o) = 29561*o + 886833. Calculate k(-30).
3
Let f(p) = -3613*p + 202274. Determine f(56).
-54
Let r(l) = 144*l**2 - 408*l - 5. Determine r(3).
67
Let v(x) = -x**3 - 40*x**2 + 444*x + 17215. What is v(-41)?
692
Let i(g) = g**3 + 114*g**2 + 328*g + 23964. Determine i(-113).
-331
Let p(b) = -b**3 - 111*b**2 - 330*b - 712. Give p(-108).
-64
Let l(a) = 158*a - 4560. Calculate l(30).
180
Let b(w) = 163590*w - 1799490. Calculate b(11).
0
Let r(u) = -u**3 - 96*u**2 + 815*u + 3. Calculate r(8).
-133
Let n(y) = 882*y + 112749. Calculate n(-128).
-147
Let n(u) = 320*u - 1204. Give n(3).
-244
Let t(z) = -14*z**2 + 1324*z + 19572. Determine t(-13).
-6
Let h(t) = -8*t**3 + 82*t**2 + 299*t - 862. What is h(2)?
0
Let c(y) = 62785*y + 37482651. What is c(-597)?
6
Let n(b) = -503*b - 1522. Determine n(-4).
490
Let i(o) = 338*o**2 - 2922*o + 5. Calculate i(9).
1085
Let n(f) = 2642*f + 1712010. Determine n(-648).
-6
Let y(s) = 2*s**2 - 129*s + 939. What is y(57)?
84
Let a(m) = -47*m**2 + 34*m + 501. Give a(-10).
-4539
Let j(g) = 6*g**3 - g**2 - 305*g - 1288. What is j(-4)?
-468
Let b(j) = -1626*j + 7831. Determine b(5).
-299
Let h(z) = -4*z**2 - 101*z + 794. Determine h(6).
44
Let t(q) = 121924*q + 853471. Determine t(-7).
3
Let w(y) = -6*y**2 + 103*y - 379. Determine w(17).
-362
Let y(c) = 2*c**3 - 182*c**2 - 1159*c + 19. Give y(97).
504
Let d(v) = 7*v**2 - 346*v - 6645. Determine d(-15).
120
Let c(v) = 1016*v - 352556. What is c(347)?
-4
Let k(a) = 38112*a - 21457067. Give k(563).
-11
Let s(x) = -2*x**3 - 66*x + 441. Determine s(8).
-1111
Let u(l) = -347*l**2 - 1149*l + 9. What is u(-4)?
-947
Let r(l) = l**2 - 118576*l - 948667. Give r(-8).
5
Let u(z) = 18*z**2 - 28. Give u(-4).
260
Let v(u) = 12*u**2 + 58*u - 1629. Give v(-14).
-89
Let b(w) = 110*w**2 - 25510*w - 1163. Calculate b(232).
1157
Let a(t) = -8*t**2 + 238*t + 309. Determine a(32).
-267
Let r(v) = 4535*v + 2036207. Give r(-449).
-8
Let u(g) = 3917*g - 3969. Determine u(1).
-52
Let q(r) = -1906*r - 729998. Determine q(-383).
0
Let u(d) = 8*d**2 + 372*d - 4010. What is u(9)?
-14
Let f(d) = 4*d**2 - 3073*d - 34060. What is f(-11)?
227
Let k(j) = -13*j**2 - 55*j + 702. What is k(11)?
-1476
Let g(o) = 126*o**2 + 213*o - 214. Give g(1).
125
Let t(f) = 3307*f + 23127. Determine t(-7).
-22
Let r(n) = -n**3 - 21*n**2 + 76*n + 1797. What is r(-20)?
-123
Let z(h) = -338*h - 35426. Determine z(-105).
64
Let n(k) = -k**3 - 36*k**2 - 159*k - 53. What is n(-4)?
71
Let s(c) = 60495*c + 423557. Give s(-7).
92
Let v(s) = 122*s - 4688. Determine v(43).
558
Let z(p) = -5*p**2 + 5891*p - 167757. Give z(1149).
-3
Let h(b) = -b**3 - 83*b**2 + 664*b + 3095. Calculate h(-90).
35
Let x(l) = -19168*l + 1514277. Determine x(79).
5
Let g(x) = -10*x**3 - 222*x**2 - 12*x + 700. Give g(-22).
-4
Let d(v) = 11127*v + 2114071. Calculate d(-190).
-59
Let v(r) = -r**2 - 33*r - 81. What is v(-17)?
191
Let s(u) = 17604*u - 22. What is s(0)?
-22
Let o(w) = -94*w**2 + 379*w - 345. Give o(2).
37
Let l(u) = 424*u - 73953. Determine l(173).
-601
Let z(w) = -2*w**3 - 17*w**2 - 595*w - 3388. Calculate z(-6).
2
Let n(v) = 55*v**2 + 8093*v - 6962. Determine n(-148).
-6
Let n(t) = t**3 - 9*t**2 + 65*t - 301. Give n(5).
-76
Let k(u) = -227*u - 12527. What is k(-51)?
-950
Let o(n) = 401*n**2 + 4049*n + 449. Determine o(-10).
59
Let g(f) = 246*f**2 + 7378*f - 73. Determine g(-30).
-13
Let j(x) = 14*x**3 - 6498*x**2 + 926*x + 919. Determine j(464).
-9
Let g(i) = 29*i**3 - 319*i**2 + 64*i - 694. Determine g(11).
10
Let t(k) = -187*k**3 + 5*k**2 - k + 3. Determine t(1).
-180
Let d(b) = -55708*b + 55826. Calculate d(1).
118
Let d(l) = 4*l**2 - 39034*l + 312119. Give d(8).
103
Let g(s) = -2106*s**2 + 127*s - 5. What is g(1)?
-1984
Let p(m) = 4*m**3 - 830*m**2 + 11*m - 88748. Determine p(208).
68
Let d(m) = 11*m**2 + 685*m + 8482. Determine d(-17).
16
Let k(x) = -15*x**2 - 1948*x + 23249. Give k(11).
6
Let y(r) = -27*r**2 - 3481*r + 265. Calculate y(-129).
7
Let m(i) = -1057*i + 39595. What is m(37)?
486
Let l(h) = -h**3 - 50*h**2 - 87*h + 299. Calculate l(-48).
-133
Let s(b) = 3*b**2 - 779*b + 3828. Calculate s(255).
258
Let t(n) = -10634*n + 255582. Determine t(24).
366
Let g(t) = 30827*t - 93493. Calculate g(3).
-1012
Let y(m) = 2*m**2 + 2220*m + 19750. Give y(-9).
-68
Let d(k) = -170*k**2 + 86860*k + 5109. Calculate d(511).
-1
Let a(u) = 13*u**3 - 7486*u**2 - 1145*u - 4030. Give a(576).
2
Let j(y) = y**3 + 138*y**2 + 1668*y + 5367. Determine j(-125).
-8
Let y(z) = -305*z**2 + 1750*z + 465. Give y(6).
-15
Let t(r) = 25*r - 2191. What is t(67)?
-516
Let k(c) = -55*c**2 + 343*c + 37. Determine k(8).
-739
Let j(b) = b**3 - 21*b**2 + 20059*b - 360090. Calculate j(18).
0
Let r(s) = 102305*s - 7877488. Determine r(77).
-3
Let a(s) = -8276*s + 7704963. Determine a(931).
7
Let d(n) = -n**3 - 27*n**2 + 200*n + 2544. Determine d(-31).
188
Let p(q) = 1394*q + 1698. What is p(-4)?
-3878
Let q(p) = -93*p**2 + 8290*p - 1174. Give q(89).
-17
Let j(q) = 267*q**2 + 799*q - 3. Give j(0).
-3
Let q(y) = y**3 - 4*y**2 - 1624*y + 1630. Determine q(1).
3
Let u(h) = -113*h**3 + 23*h - 105. Determine u(3).
-3087
Let x(k) = 66*k + 722. What is x(-8)?
194
Let n(m) = -7*m**2 - 2771*m - 16380. What is n(-6)?
-6
Let p(c) = c**3 + 2*c**2 - 37904*c - 113715. Determine p(-3).
-12
Let n(u) = u**3 - 8*u**2 - 93*u + 2. Determine n(-8).
-278
Let q(o) = 4*o**3 + 692*o**2 + 8*o + 329. What is q(-173)?
-1055
Let n(s) = 4*s**2 + 247*s - 4766. Give n(15).
-161
Let n(t) = -t**2 + 59*t + 9639. What is n(-73)?
3
Let r(f) = 684*f + 13426. Give r(-19).
430
Let l(v) = v**3 - 92*v**2 - 1789*v + 3451. Calculate l(-18).
13
Let q(u) = 47*u**2 - 7719*u - 5930. Give q(165).
10
Let z(n) = -n**3 - 61*n**2 + 3494*n - 59. Give z(36).
13
Let q(g) = -159*g + 29026. Calculate q(182).
88
Let z(g) = g**3 + 3666*g**2 - 167031*g + 1620. Calculate z(45).
0
Let z(y) = -31674*y + 348418. Calculate z(11).
4
Let o(f) = 20*f**3 - 179*f**2 + 298*f - 2827. Calculate o(9).
-64
Let q(h) = -634*h + 201604. Determine q(318).
-8
Let r(q) = 3*q**3 + 1162*q**2 - 1928*q + 6608. What is r(-389)?
-5
Let c(s) = 462*s + 60937. Give c(-132).
-47
Let j(g) = -g**2 - 34*g + 5381. Calculate j(-83).
1314
Let k(r) = 3*r**2 + 5273*r + 52468. Give k(-10).
38
Let r(i) = -7*i**2 + 494*i - 331. Calculate r(70).
-51
Let l(x) = -105*x + 895. Give l(10).
-155
Let m(v) = -v**3 + 16*v**2 - 80*v - 230. Determine m(-2).
2
Let b(d) = 171*d**3 - 8882*d**2 - 521*d + 41. Determine b(52).
-11
Let g(r) = -17*r**3 - r**2 + 198*r - 196. What is g(1)?
-16
Let s(i) = 15*i**2 - 47*i + 109. Give s(2).
75
Let a(c) = -12*c**3 + 2*c**2 - 14561*c + 14565. Calculate a(1).
-6
Let h(n) = 1890*n + 274431. What is h(-145)?
381
Let z(w) = 8785*w + 220281. What is z(-25)?
656
Let u(x) = -2*x**3 + 363*x**2 - 530*x - 1814. Give u(180).
-14
Let l(b) = -1526*b + 267022. Calculate l(175).
-28
Let d(z) = -55*z**2 + 284*z + 261. Calculate d(6).
-15
Let o(l) = l**3 - 300*l**2 - 12124*l + 9357. What is o(336)?
-51
Let v(i) = -1105*i - 24248. Determine v(-22).
62
Let s(r) = -2*r**2 + 24*r + 100. Determine s(36).
-1628
Let l(i) = 8*i**2 + 83*i + 571. Determine l(-6).
361
Let j(f) = f**3 + 75*f**2 + 76*f + 167. Give j(-74).
19
Let z(q) = 1829*q + 338308. Determine z(-185).
-57
Let i(n) = 300*n**2 + 21896*n - 283. What is i(-73)?
9
Let r(d) = 620*d + 986. Calculate r(-3).
-874
Let z(y) = -y**3 + 33*y**2 + 268*y - 8815. Calculate z(33).
29
Let q(m) = 26147*m + 26024. Give q(-1).
-123
Let b(m) = 4082*m + 2526755. Determine b(-619).
-3
Let u(d) = 12*d**3 - 137*d**2 - 11*d + 57. What is u(11)?
-669
Let v(m) = -m**2 - 715*m - 7685. Give v(-11).
59
Let l(h) = 23*h**2 + 42*h - 41. Determine l(1).
24
Let w(b) = 3206*b - 358992. What is w(112)?
80
Let q(n) = -1093*n + 2992. Give q(3).
-287
Let o(c) = 22*c**2 - 1515*c - 441. Calculate o(69).
-234
Let a(x) = 64387*x - 321639. Determine a(5).
296
Let z(q) = 23*q**2 - 181*q + 48. Determine z(8).
72
Let l(t) = 11*t**2 - 102*t - 4441. What is l(-16)?
7
Let m(i) = -294424*i - 11777